{"id":71,"date":"2020-11-17T13:02:42","date_gmt":"2020-11-17T12:02:42","guid":{"rendered":"https:\/\/mxrdr-info.ocean.icm.edu.pl\/?page_id=71"},"modified":"2021-10-29T15:02:25","modified_gmt":"2021-10-29T13:02:25","slug":"metadata","status":"publish","type":"page","link":"https:\/\/info.mxrdr.icm.edu.pl\/index.php\/metadata\/","title":{"rendered":"Metadata"},"content":{"rendered":"\n<p>This section contains table with json names for metadata fields. Required metadata are marked by asterisks. Please note that some of the metadata filed accept only specific values, those are: macromolecular type, processing software and space group, accepted values can be found <a href=\"https:\/\/info.mxrdr.icm.edu.pl\/index.php\/accepted-metadata-values\/\" data-type=\"page\" data-id=\"427\">here<\/a>.<\/p>\n\n\n\n<figure class=\"wp-block-table is-style-regular\"><table><thead><tr><th>name of metadata field<\/th><th>json name \/ keywords for Advanced Search<\/th><\/tr><\/thead><tbody><tr><td><strong><em>Citation Metadata<\/em><\/strong>:<\/td><td><\/td><\/tr><tr><td>Title *<\/td><td>title<\/td><\/tr><tr><td><em>Author:<br><\/em>Name *<br>Affiliation<br>Identifier Scheme<br>Identifier<\/td><td><br>authorName<br>authorAffiliation<br>authorIdentifierScheme<br>authorIdentifier<\/td><\/tr><tr><td><em>Contact:<br><\/em>Name<br>Affiliation<br>E-mail *<\/td><td><br>datasetContactName<br>datasetContactAffiliation<br>datasetContactEmail<\/td><\/tr><tr><td><em>Description:<br><\/em>Text *<\/td><td><br>dsDescription<\/td><\/tr><tr><td>Subject *<\/td><td>subject<\/td><\/tr><tr><td><em>Keyword:<br><\/em>Term<\/td><td><br>keywordValue<\/td><\/tr><tr><td><em>Grant Information:<br><\/em>Grant Agency<br>Grant Agency Short Name<br>Grant Program<br>Grant Number<\/td><td><br>grantNumberAgency<br>grantNumberAgencyShortName<br>grantNumberProgram<br>grantNumberValue<\/td><\/tr><tr><td>Depositor<\/td><td>depositor<\/td><\/tr><tr><td>Deposit Date<\/td><td>depositDate<\/td><\/tr><tr><td><strong><em>Macromolecular Crystallography Metadata<\/em><\/strong>:<\/td><td><\/td><\/tr><tr><td>Sample Name<\/td><td>sampleName<\/td><\/tr><tr><td>PDB ID<\/td><td>pdbId<\/td><\/tr><tr><td>Beamline Institution *<\/td><td>beamlineInstitution<\/td><\/tr><tr><td>Beamline *<\/td><td>beamline<\/td><\/tr><tr><td>Detector Type *<\/td><td>detectorType<\/td><\/tr><tr><td><em>Data Collection:<\/em><br>Wavelength [\u00c5] *<br>Crystal-Detector Distance [mm] *<br>Oscillation-Step Size [\u00b0] *<br>Number of Frames *<br>Position of the Beam in the X Axis [px] *<br>Position of the Beam in the Y Axis [px] *<br>Temperature [K]<br>Starting Angle [\u00b0]<br>Detector Thickness [mm]<br>Detector Overload<\/td><td><br>dataCollectionWavelength<br>dataCollectionDetectorDistance<br>dataCollectionOscillationStepSize<br>dataCollectionNumberOfFrames<br>dataCollectionOrgX<br>dataCollectionOrgY<br>dataCollectionTemperature<br>dataCollectionStartingAngle<br>dataCollectionDetectorThickness<br>dataCollectionDetectorOverload<\/td><\/tr><tr><td><em>Unit Cell Parameters:<br><\/em>a [\u00c5]<br>b [\u00c5]<br>c [\u00c5]<br>\u03b1 [\u00b0]<br>\u03b2 [\u00b0]<br>\u03b3 [\u00b0]<\/td><td><br>unitCellParameterA<br>unitCellParameterB<br>unitCellParameterC<br>unitCellParameterAlpha<br>unitCellParameterBeta<br>unitCellParameterGamma<\/td><\/tr><tr><td><em>Overall:<br><\/em>Completeness<br>Mean I\/Sigma(I)<br>CC_1\/2<br>R_merge<br>R_meas<br>Resolution Low<br>Resolution High<br>Number of Observed Reflections<br>Number of Unique Reflections<br>Number of Possible Reflections<br>Anomalous Correlation<br>Anomalous Signal<\/td><td><br>overallCompleteness<br>overallISigma<br>overallCc<br>overallRMerge<br>overallRMeas<br>overallDataResolutionRangeLow<br>overallDataResolutionRangeHigh<br>overallNumberOfObservedReflections<br>overallNumberOfUniqueReflections<br>overallNumberOfPossibleReflections<br>overallAnomalousCorrelation<br>overallAnomalousSignal<\/td><\/tr><tr><td><em>Highest Resolution Shell:<br><\/em>Completeness<br>Mean I\/Sigma(I)<br>CC_1\/2<br>R_merge<br>R_meas<br>Resolution Low<br>Resolution High<br>Number of Observed Reflections<br>Number of Unique Reflections<br>Number of Possible Reflections<br>Anomalous Correlation<br>Anomalous Signal<\/td><td>hrsCompleteness<br>hrsISigma<br>hrsCc<br>hrsRMerge<br>hrsRMeas<br>hrsDataResolutionRangeLow<br>hrsDataResolutionRangeHigh<br>hrsNumberOfObservedReflections<br>hrsNumberOfUniqueReflections<br>hrsNumberOfPossibleReflections<br>hrsAnomalousCorrelation<br>hrsAnomalousSignal<\/td><\/tr><tr><td>Monochromator Type<\/td><td>monochromator<\/td><\/tr><tr><td>Processing Software<\/td><td>processingSoftware<\/td><\/tr><tr><td><em>Refinement Factors:<br><\/em>R-work<br>R-free<\/td><td><br>refinementFactorRWork<br>refinementFactorRFree<\/td><\/tr><tr><td>Macromolecule Type*<\/td><td>macromoleculeType<\/td><\/tr><tr><td>Molecular Weight<\/td><td>molecularWeight<\/td><\/tr><tr><td><em>Entity:<br><\/em>ID<br>Sequence<\/td><td><br>entityId<br>entitySequence<\/td><\/tr><tr><td>Entity Count<br>Residue Count<br>Atom Site Count<\/td><td>entityCount<br>residueCount<br>atomSiteCount<\/td><\/tr><tr><td><em>PDB Deposit:<br><\/em>PDB Structure Title<br>PDB DOI<br>PDB Structure Author<br>PDB Deposit Date<br>PDB Release Date<br>PDB Revision Date<\/td><td><br>pdbTitle<br>pdbDoi<br>pdbStructureAuthor<br>pdbDepositDate<br>pdbReleaseDate<br>pdbRevisionDate<\/td><\/tr><tr><td><em>PDB Primary Citation:<br><\/em>PDB Primary Citation Title<br>PDB Primary Citation PubMed ID<br>PDB Primary Citation Author<br>PDB Primary Citation Journal Name<br>PDB Primary Citation Publication Year<\/td><td><br>citationTitle<br>citationPubmedId<br>citationAuthor<br>citationJournal<br>citationYear<\/td><\/tr><\/tbody><tfoot><tr><td><strong>name of metadata field<\/strong><\/td><td><strong><strong>json name \/ keywords for Advanced Search<\/strong><\/strong><\/td><\/tr><\/tfoot><\/table><figcaption>Metadata table<\/figcaption><\/figure>\n\n\n\n<p><br><\/p>\n","protected":false},"excerpt":{"rendered":"<p>This section contains table with json names for metadata fields. Required metadata are marked by asterisks. Please note that some of the metadata filed accept only specific values, those are: macromolecular type, processing software and space group, accepted values can be found here. name of metadata field json name \/ keywords for Advanced Search Citation &hellip; <\/p>\n<p class=\"link-more\"><a href=\"https:\/\/info.mxrdr.icm.edu.pl\/index.php\/metadata\/\" class=\"more-link\">Continue reading<span class=\"screen-reader-text\"> &#8220;Metadata&#8221;<\/span><\/a><\/p>\n","protected":false},"author":4,"featured_media":0,"parent":0,"menu_order":0,"comment_status":"closed","ping_status":"closed","template":"","meta":{"footnotes":""},"_links":{"self":[{"href":"https:\/\/info.mxrdr.icm.edu.pl\/index.php\/wp-json\/wp\/v2\/pages\/71"}],"collection":[{"href":"https:\/\/info.mxrdr.icm.edu.pl\/index.php\/wp-json\/wp\/v2\/pages"}],"about":[{"href":"https:\/\/info.mxrdr.icm.edu.pl\/index.php\/wp-json\/wp\/v2\/types\/page"}],"author":[{"embeddable":true,"href":"https:\/\/info.mxrdr.icm.edu.pl\/index.php\/wp-json\/wp\/v2\/users\/4"}],"replies":[{"embeddable":true,"href":"https:\/\/info.mxrdr.icm.edu.pl\/index.php\/wp-json\/wp\/v2\/comments?post=71"}],"version-history":[{"count":28,"href":"https:\/\/info.mxrdr.icm.edu.pl\/index.php\/wp-json\/wp\/v2\/pages\/71\/revisions"}],"predecessor-version":[{"id":602,"href":"https:\/\/info.mxrdr.icm.edu.pl\/index.php\/wp-json\/wp\/v2\/pages\/71\/revisions\/602"}],"wp:attachment":[{"href":"https:\/\/info.mxrdr.icm.edu.pl\/index.php\/wp-json\/wp\/v2\/media?parent=71"}],"curies":[{"name":"wp","href":"https:\/\/api.w.org\/{rel}","templated":true}]}}